{"id":3,"date":"2024-06-21T08:37:10","date_gmt":"2024-06-21T08:37:10","guid":{"rendered":"http:\/\/ricolspreclinical.com\/\/?page_id=3"},"modified":"2024-09-05T12:42:14","modified_gmt":"2024-09-05T10:42:14","slug":"privacy-policy","status":"publish","type":"page","link":"https:\/\/ricolspreclinical.com\/index.php\/privacy-policy","title":{"rendered":"Pol\u00edtica de Privacidad"},"content":{"rendered":"\t\t<div data-elementor-type=\"wp-page\" data-elementor-id=\"3\" class=\"elementor elementor-3\" data-elementor-post-type=\"page\">\n\t\t\t\t<div class=\"elementor-element elementor-element-579b5651 e-flex e-con-boxed e-con e-parent\" data-id=\"579b5651\" data-element_type=\"container\">\n\t\t\t\t\t<div class=\"e-con-inner\">\n\t\t\t\t<div class=\"elementor-element elementor-element-180ca5b1 elementor-widget elementor-widget-text-editor\" data-id=\"180ca5b1\" data-element_type=\"widget\" data-widget_type=\"text-editor.default\">\n\t\t\t\t<div class=\"elementor-widget-container\">\n\t\t\t\t\t\t\t<p><!-- wp:heading --><\/p>\n<h3 class=\"wp-block-heading\"><strong>Informaci\u00f3n a usuario<\/strong><\/h3>\n<p><!-- \/wp:heading --><\/p>\n<p><!-- wp:paragraph --><\/p>\n<p>Ricols te informa sobre su Pol\u00edtica de Privacidad, respecto del <strong>tratamiento<\/strong> <strong>y protecci\u00f3n<\/strong> de los <strong>datos de car\u00e1cter personal de los usuarios.<\/strong><\/p>\n<p><!-- \/wp:paragraph --><\/p>\n<p><!-- wp:paragraph --><\/p>\n<p>Para navegar por\u00a0<a href=\"https:\/\/ricolspreclinical.com\">https:\/\/ricolspreclinical.com<\/a>\u00a0no es necesario que facilites ning\u00fan dato personal, pero para que esta web funcione correctamente, necesita utilizar cookies, que es una informaci\u00f3n que se almacena en tu navegador web. Dicha informaci\u00f3n consiste en <strong>datos no identificativos<\/strong>, (por ej., la direcci\u00f3n IP, geolocalizaci\u00f3n, un registro de c\u00f3mo se utilizan los servicios y sitios, h\u00e1bitos de navegaci\u00f3n y otros datos), pero que tambi\u00e9n podr\u00edan recogerse.<\/p>\n<p><!-- \/wp:paragraph --><\/p>\n<p><!-- wp:paragraph --><\/p>\n<p>En el link de <a href=\"https:\/\/peaches.es\/index.php\/politica-de-cookies\/\">Pol\u00edtica de Cookies<\/a>\u00a0puedes consultar toda la informaci\u00f3n relativa a nuestra pol\u00edtica de recogida, la finalidad y el tratamiento de las que usamos en esta web.<\/p>\n<p><!-- \/wp:paragraph --><\/p>\n<p><!-- wp:paragraph --><\/p>\n<p>Adicionalmente, Ricols podr\u00eda obtener datos personales <strong>identificativos<\/strong>, facilitados en las interacciones profesionales con sus clientes; por ej., si nos contactas, por correo electr\u00f3nico, correo postal, LinkedIn u otras v\u00edas.<\/p>\n<p><!-- \/wp:paragraph --><\/p>\n<p><!-- wp:paragraph --><\/p>\n<p>En todos los casos, se velar\u00e1 por el <strong>cumplimiento de la normativa<\/strong> vigente sobre:<\/p>\n<p><!-- \/wp:paragraph --><\/p>\n<p><!-- wp:paragraph --><\/p>\n<p>&#8211; Protecci\u00f3n de las personas f\u00edsicas (<strong>RGPD-2016<\/strong>): Reglamento (UE) 2016\/679 del Parlamento Europeo y del Consejo de 27 de abril de 2016.<\/p>\n<p><!-- \/wp:paragraph --><\/p>\n<p><!-- wp:paragraph --><\/p>\n<p>&#8211; Protecci\u00f3n de Datos Personales y de Garant\u00eda de Derechos Digitales (<strong>LOPD GDD-2018<\/strong>): Ley Org\u00e1nica 3\/2018, de 5 de diciembre.\u00a0<\/p>\n<p><!-- \/wp:paragraph --><\/p>\n<p><!-- wp:paragraph --><\/p>\n<h3><strong>\u00bfPor qu\u00e9 podemos tratar tus datos personales?<\/strong><\/h3>\n<p><!-- \/wp:paragraph --><\/p>\n<p><!-- wp:paragraph --><\/p>\n<p>Porque el tratamiento est\u00e1 legitimado por el art\u00edculo 6 del GDPR, de la siguiente forma:<\/p>\n<p><!-- \/wp:paragraph --><\/p>\n<p><!-- wp:list --><\/p>\n<ul class=\"wp-block-list\">\n<li style=\"list-style-type: none;\">\n<ul class=\"wp-block-list\"><!-- wp:list-item --><\/ul>\n<\/li>\n<\/ul>\n<ul class=\"wp-block-list\">\n<li style=\"list-style-type: none;\">\n<ul class=\"wp-block-list\">\n<li>Con el <strong>consentimiento del Usuario<\/strong>: remisi\u00f3n de comunicaciones comerciales y del bolet\u00edn informativo.<\/li>\n<\/ul>\n<\/li>\n<\/ul>\n<p><!-- \/wp:list-item --><\/p>\n<p><!-- wp:list-item --><\/p>\n<ul class=\"wp-block-list\">\n<li style=\"list-style-type: none;\">\n<ul class=\"wp-block-list\">\n<li>Por <strong>inter\u00e9s leg\u00edtimo del Responsable<\/strong>: realizar estudios de mercado, an\u00e1lisis estad\u00edsticos, etc. y tramitar encargos, solicitudes, etc. a petici\u00f3n del usuario.<\/li>\n<\/ul>\n<\/li>\n<\/ul>\n<p><!-- \/wp:list-item --><\/p>\n<p><!-- \/wp:list --><\/p>\n<p><!-- wp:paragraph --><\/p>\n<p>El uso de esta web, o el establecimiento de comunicaci\u00f3n con Ricols, implica que declaras haber sido informado y aceptar y consentir las condiciones esta Pol\u00edtica de Privacidad, as\u00ed como las condiciones incluidas en el\u00a0Aviso Legal.\u00a0<\/p>\n<p><!-- \/wp:paragraph --><\/p>\n<p><!-- wp:paragraph --><\/p>\n<h3><strong>\u00bfQui\u00e9n es el responsable del tratamiento de tus datos personales?<\/strong><\/h3>\n<p><!-- \/wp:paragraph --><\/p>\n<p><!-- wp:paragraph --><\/p>\n<p>Responsable:\u00a0Laura Rico S\u00e1nchez<\/p>\n<p><!-- \/wp:paragraph --><\/p>\n<p><!-- wp:paragraph --><\/p>\n<p>Nombre comercial: Ricols<\/p>\n<p><!-- \/wp:paragraph --><\/p>\n<p><!-- wp:paragraph --><\/p>\n<p>NIF:\u00a050464363V<\/p>\n<p><!-- \/wp:paragraph --><\/p>\n<p><!-- wp:paragraph --><\/p>\n<p>Domicilio:\u00a0C\/ Cobre 1B, 3\u00baD. 28045, Madrid \u2013 Espa\u00f1a.<\/p>\n<p><!-- \/wp:paragraph --><\/p>\n<p><!-- wp:paragraph --><\/p>\n<p>Contacto: <a href=\"mailto:info@ricolspreclinical.com\">info@ricolspreclinical.com<\/a><\/p>\n<p><!-- \/wp:paragraph --><\/p>\n<p><!-- wp:paragraph --><\/p>\n<p><strong>\u00bfPara qu\u00e9 trataremos tus datos personales?<\/strong><\/p>\n<p><!-- \/wp:paragraph --><\/p>\n<p><!-- wp:paragraph --><\/p>\n<p>Los datos ser\u00e1n utilizados para <strong>fines profesionales y\/o comerciales<\/strong>:<\/p>\n<p><!-- \/wp:paragraph --><\/p>\n<p><!-- wp:list --><\/p>\n<ul class=\"wp-block-list\">\n<li style=\"list-style-type: none;\">\n<ul class=\"wp-block-list\"><!-- wp:list-item --><\/ul>\n<\/li>\n<\/ul>\n<ul class=\"wp-block-list\">\n<li style=\"list-style-type: none;\">\n<ul class=\"wp-block-list\">\n<li>Responder a tus consultas y solicitudes.<\/li>\n<\/ul>\n<\/li>\n<\/ul>\n<p><!-- \/wp:list-item --><\/p>\n<p><!-- wp:list-item --><\/p>\n<ul class=\"wp-block-list\">\n<li style=\"list-style-type: none;\">\n<ul class=\"wp-block-list\">\n<li>Enviarte informaci\u00f3n y actualizaciones relacionadas con nuestros servicios.<\/li>\n<\/ul>\n<\/li>\n<\/ul>\n<p><!-- \/wp:list-item --><\/p>\n<p><!-- wp:list-item --><\/p>\n<ul class=\"wp-block-list\">\n<li style=\"list-style-type: none;\">\n<ul class=\"wp-block-list\">\n<li>Apoyar y mejorar los servicios que ofrece este sitio Web.<\/li>\n<\/ul>\n<\/li>\n<\/ul>\n<p><!-- \/wp:list-item --><\/p>\n<p><!-- wp:list-item --><\/p>\n<ul class=\"wp-block-list\">\n<li style=\"list-style-type: none;\">\n<ul class=\"wp-block-list\">\n<li>Analizar la navegaci\u00f3n de los usuarios. Son datos no identificativos, que se obtienen mediante el uso de cookies, que se descargan en el ordenador del Usuario cuando navega por el sitio Web, cuyas caracter\u00edsticas y finalidad est\u00e1n detalladas en la\u00a0Pol\u00edtica de Cookies.<\/li>\n<\/ul>\n<\/li>\n<\/ul>\n<p><!-- \/wp:list-item --><\/p>\n<p><!-- \/wp:list --><\/p>\n<p><!-- wp:paragraph --><\/p>\n<p><strong>NO compartimos o transferiremos <\/strong>tus datos personales con terceros, salvo que sea necesario para cumplir con obligaciones legales o contractuales, o con tu consentimiento previo.<\/p>\n<p><!-- \/wp:paragraph --><\/p>\n<p><!-- wp:paragraph --><\/p>\n<h3><strong>\u00bfQu\u00e9 principios se aplicamos?<\/strong><\/h3>\n<p><!-- \/wp:paragraph --><\/p>\n<p><!-- wp:paragraph --><\/p>\n<p>Siguiendo las exigencias de la normativa antes indicada, Ricols, como Responsable del tratamiento de tus datos personales, aplicar\u00e1 los siguientes principios:<\/p>\n<p><!-- \/wp:paragraph --><\/p>\n<p><!-- wp:list --><\/p>\n<ul class=\"wp-block-list\">\n<li style=\"list-style-type: none;\">\n<ul class=\"wp-block-list\"><!-- wp:list-item --><\/ul>\n<\/li>\n<\/ul>\n<ul class=\"wp-block-list\">\n<li style=\"list-style-type: none;\">\n<ul class=\"wp-block-list\">\n<li>Principio de<strong> licitud, lealtad y transparencia<\/strong>:\u00a0el Responsable siempre <strong>requerir\u00e1 el consentimiento<\/strong> para el tratamiento de los datos personales, que puede ser para uno o varios fines espec\u00edficos, sobre los que el Responsable informar\u00e1 al Usuario\/Cliente previamente y con absoluta transparencia.<\/li>\n<\/ul>\n<\/li>\n<\/ul>\n<p><!-- \/wp:list-item --><\/p>\n<p><!-- wp:list-item --><\/p>\n<ul class=\"wp-block-list\">\n<li style=\"list-style-type: none;\">\n<ul class=\"wp-block-list\">\n<li>Principio de<strong> minimizaci\u00f3n de datos<\/strong>:\u00a0El Responsable solicitar\u00e1 solo los datos estrictamente necesarios para el fin o los fines que los solicita.<\/li>\n<\/ul>\n<\/li>\n<\/ul>\n<p><!-- \/wp:list-item --><\/p>\n<p><!-- wp:list-item --><\/p>\n<ul class=\"wp-block-list\">\n<li style=\"list-style-type: none;\">\n<ul class=\"wp-block-list\">\n<li>Principio de<strong> limitaci\u00f3n del plazo de conservaci\u00f3n<\/strong>\u00a0al tiempo estrictamente necesario para el fin o los fines del tratamiento e informar\u00e1 al Usuario.<\/li>\n<\/ul>\n<\/li>\n<\/ul>\n<p><!-- \/wp:list-item --><\/p>\n<p><!-- wp:list-item --><\/p>\n<ul class=\"wp-block-list\">\n<li style=\"list-style-type: none;\">\n<ul class=\"wp-block-list\">\n<li>En el caso de suscripciones, el Responsable revisar\u00e1 peri\u00f3dicamente las listas y <strong>eliminar\u00e1<\/strong> aquellos <strong>registros inactivos<\/strong> durante un tiempo considerable.<\/li>\n<\/ul>\n<\/li>\n<\/ul>\n<p><!-- \/wp:list-item --><\/p>\n<p><!-- wp:list-item --><\/p>\n<ul class=\"wp-block-list\">\n<li style=\"list-style-type: none;\">\n<ul class=\"wp-block-list\">\n<li>Principio de<strong> integridad y confidencialidad<\/strong>:\u00a0Los datos personales recabados ser\u00e1n tratados de tal manera que su seguridad, confidencialidad e integridad, est\u00e9 garantizada.<\/li>\n<\/ul>\n<\/li>\n<\/ul>\n<p><!-- \/wp:list-item --><\/p>\n<p><!-- \/wp:list --><\/p>\n<p><!-- wp:paragraph --><\/p>\n<h3><strong>\u00bfQu\u00e9 derechos tengo como usuario\/cliente?<\/strong><\/h3>\n<p><!-- \/wp:paragraph --><\/p>\n<p><!-- wp:paragraph --><\/p>\n<p>Tienes derecho a:<\/p>\n<p><!-- \/wp:paragraph --><\/p>\n<p><!-- wp:list --><\/p>\n<ul class=\"wp-block-list\">\n<li style=\"list-style-type: none;\">\n<ul class=\"wp-block-list\"><!-- wp:list-item --><\/ul>\n<\/li>\n<\/ul>\n<ul class=\"wp-block-list\">\n<li style=\"list-style-type: none;\">\n<ul class=\"wp-block-list\">\n<li>Acceder a tus datos personales.<\/li>\n<\/ul>\n<\/li>\n<\/ul>\n<p><!-- \/wp:list-item --><\/p>\n<p><!-- wp:list-item --><\/p>\n<ul class=\"wp-block-list\">\n<li style=\"list-style-type: none;\">\n<ul class=\"wp-block-list\">\n<li>Rectificarlos.<\/li>\n<\/ul>\n<\/li>\n<\/ul>\n<p><!-- \/wp:list-item --><\/p>\n<p><!-- wp:list-item --><\/p>\n<ul class=\"wp-block-list\">\n<li style=\"list-style-type: none;\">\n<ul class=\"wp-block-list\">\n<li>Solicitar la supresi\u00f3n de tus datos, cuando ya no sean necesarios para los fines para los cuales fueron recabados.<\/li>\n<\/ul>\n<\/li>\n<\/ul>\n<p><!-- \/wp:list-item --><\/p>\n<p><!-- wp:list-item --><\/p>\n<ul class=\"wp-block-list\">\n<li style=\"list-style-type: none;\">\n<ul class=\"wp-block-list\">\n<li>Oponerte su tratamiento para fines espec\u00edficos.<\/li>\n<\/ul>\n<\/li>\n<\/ul>\n<p><!-- \/wp:list-item --><\/p>\n<p><!-- wp:list-item --><\/p>\n<ul class=\"wp-block-list\">\n<li style=\"list-style-type: none;\">\n<ul class=\"wp-block-list\">\n<li>Limitar su tratamiento en ciertas circunstancias.<\/li>\n<\/ul>\n<\/li>\n<\/ul>\n<p><!-- \/wp:list-item --><\/p>\n<p><!-- wp:list-item --><\/p>\n<ul class=\"wp-block-list\">\n<li style=\"list-style-type: none;\">\n<ul class=\"wp-block-list\">\n<li>Portabilidad de tus datos a otro responsable del tratamiento.<\/li>\n<\/ul>\n<\/li>\n<\/ul>\n<p><!-- \/wp:list-item --><\/p>\n<p><!-- \/wp:list --><\/p>\n<p><!-- wp:paragraph --><\/p>\n<p>Para ejercitar tus derechos tienes que enviar un correo electr\u00f3nico a <a href=\"mailto:info@ricolspreclinical.com\">info@ricolspreclinical.com<\/a>, junto con la prueba v\u00e1lida en derecho, como una fotocopia del D.N.I. o equivalente.<\/p>\n<p><!-- \/wp:paragraph --><\/p>\n<p><!-- wp:paragraph --><\/p>\n<p>Tienes derecho a la <strong>tutela<\/strong> <strong>judicial<\/strong> efectiva y a presentar una <strong>reclamaci\u00f3n<\/strong> ante la autoridad de control, en este caso, la Agencia Espa\u00f1ola de Protecci\u00f3n de Datos (<a href=\"http:\/\/www.aepd.es\/\">www.aepd.es<\/a>), si consideras que el tratamiento que Ricols hace de tus datos personales, infringe el Reglamento.<\/p>\n<p><!-- \/wp:paragraph --><\/p>\n<p><!-- wp:paragraph --><\/p>\n<h3><strong>Cambios en la Pol\u00edtica de Privacidad<\/strong><\/h3>\n<p><!-- \/wp:paragraph --><\/p>\n<p><!-- wp:paragraph --><\/p>\n<p>Ricols se reserva el derecho de modificar este aviso de privacidad en cualquier momento. Cualquier cambio ser\u00e1 publicado en esta p\u00e1gina web.<\/p>\n<p><!-- \/wp:paragraph --><\/p>\n<p><!-- wp:paragraph --><\/p>\n<p><a href=\"https:\/\/ricolspreclinical.com\/index.php\/contacto\"><strong>Contacto<\/strong><\/a><\/p>\n<p><!-- \/wp:paragraph --><\/p>\n<p><!-- wp:paragraph --><\/p>\n<p>Para cualquier consulta o ejercicio de tus derechos en materia de protecci\u00f3n de datos, puedes contactarnos a trav\u00e9s del email <a href=\"mailto:info@ricolspreclinical.com\">info@ricolspreclinical.com<\/a><\/p>\n<p><!-- \/wp:paragraph --><\/p>\n<p><!-- wp:paragraph --><\/p>\n<p><strong><em>Ultima actualizaci\u00f3n septiembre 2024.<\/em><\/strong><\/p>\n<p><!-- \/wp:paragraph --><\/p>\t\t\t\t\t\t<\/div>\n\t\t\t\t<\/div>\n\t\t\t\t\t<\/div>\n\t\t\t\t<\/div>\n\t\t\t\t<\/div>\n\t\t","protected":false},"excerpt":{"rendered":"<p>Informaci\u00f3n a usuario Ricols te informa sobre su Pol\u00edtica de Privacidad, respecto del tratamiento y protecci\u00f3n de los datos de car\u00e1cter personal de los usuarios. Para navegar por\u00a0https:\/\/ricolspreclinical.com\u00a0no es necesario que facilites ning\u00fan dato personal, pero para que esta web funcione correctamente, necesita utilizar cookies, que es una informaci\u00f3n que se almacena en tu navegador [&hellip;]<\/p>\n","protected":false},"author":1,"featured_media":0,"parent":0,"menu_order":0,"comment_status":"closed","ping_status":"open","template":"","meta":{"footnotes":""},"class_list":["post-3","page","type-page","status-publish","hentry"],"_links":{"self":[{"href":"https:\/\/ricolspreclinical.com\/index.php\/wp-json\/wp\/v2\/pages\/3"}],"collection":[{"href":"https:\/\/ricolspreclinical.com\/index.php\/wp-json\/wp\/v2\/pages"}],"about":[{"href":"https:\/\/ricolspreclinical.com\/index.php\/wp-json\/wp\/v2\/types\/page"}],"author":[{"embeddable":true,"href":"https:\/\/ricolspreclinical.com\/index.php\/wp-json\/wp\/v2\/users\/1"}],"replies":[{"embeddable":true,"href":"https:\/\/ricolspreclinical.com\/index.php\/wp-json\/wp\/v2\/comments?post=3"}],"version-history":[{"count":9,"href":"https:\/\/ricolspreclinical.com\/index.php\/wp-json\/wp\/v2\/pages\/3\/revisions"}],"predecessor-version":[{"id":336,"href":"https:\/\/ricolspreclinical.com\/index.php\/wp-json\/wp\/v2\/pages\/3\/revisions\/336"}],"wp:attachment":[{"href":"https:\/\/ricolspreclinical.com\/index.php\/wp-json\/wp\/v2\/media?parent=3"}],"curies":[{"name":"wp","href":"https:\/\/api.w.org\/{rel}","templated":true}]}}